ermine b(-5).
62
Let y(b) = -3*b**2 - b + 1. Calculate y(1).
-3
Let s(k) = -k**3 - 8*k**2 - 5*k + 30. Give s(-6).
-12
Let a(p) = -p**3 + 7*p**2 - 4*p - 1. What is a(6)?
11
Let j(i) = -3*i**2 - 12*i + 2. Calculate j(-5).
-13
Let k(f) = f**3 - f**2 - 6*f + 3. Give k(4).
27
Let v(b) = b**2 + 10. Determine v(-3).
19
Let b(v) = -v**2 - 7*v + 10. What is b(-8)?
2
Let q(x) = -x**3 - 24*x**2 + x + 22. Calculate q(-24).
-2
Let o(v) = -v + 2. Calculate o(11).
-9
Let f(n) = -9*n - 153. What is f(-17)?
0
Let x(z) = 2*z**3 + z**2 + 7*z + 10. Calculate x(-2).
-16
Let x(w) = -w**2 + 7*w + 12. Determine x(-2).
-6
Let v(k) = -k**2 - 23*k - 7. What is v(-22)?
15
Let b(c) = c**2 - 6*c + 15. Give b(5).
10
Let h(l) = -8*l + 112. Calculate h(14).
0
Let f(p) = -p**3 - 6*p**2 + 7*p - 8. Calculate f(-7).
-8
Let l(j) = -j**3 + j**2 - 2*j + 3. Calculate l(2).
-5
Let n(g) = 2*g - 30. What is n(23)?
16
Let y(x) = 2*x**2 - 8. What is y(7)?
90
Let p(u) = 4*u**2 + 23*u + 16. Give p(-7).
51
Let k(l) = 3*l**2 + 2. Calculate k(-1).
5
Let n(q) = -q**3 - 7*q**2 - 3*q + 8. Determine n(-6).
-10
Let s(w) = w**2 - 6. Determine s(-5).
19
Let y(n) = -2*n + 5. Calculate y(-11).
27
Let l(n) = -n**2 - 13*n + 4. What is l(-13)?
4
Let x(f) = 3*f**2 + 15*f + 1. Determine x(-5).
1
Let i(j) = j**2 - 8*j - 21. Calculate i(11).
12
Let w(j) = j**2 + 2*j + 1. Give w(0).
1
Let f(l) = l**3 - 4*l**2 - 4*l - 4. Give f(5).
1
Let k(n) = -n**2 + 5*n - 6. Calculate k(5).
-6
Let s(c) = -c**3 - 4*c**2 - 7*c - 20. What is s(-3)?
-8
Let k(x) = -x**2 + 9*x - 1. Give k(9).
-1
Let r(w) = -4*w + 1. Calculate r(-2).
9
Let c(d) = 8*d. What is c(1)?
8
Let d(f) = -f**3 - 8*f**2 - 5*f + 1. Determine d(-4).
-43
Let c(a) = a**3 - 29*a**2 - 30*a + 56. Determine c(30).
56
Let j(q) = 276*q + 1376. What is j(-5)?
-4
Let z(f) = 2*f**2 + 108*f + 734. Give z(-46).
-2
Let s(p) = -8*p**2 + 5*p - 8. What is s(2)?
-30
Let j(o) = o**3 - 43*o**2 - 44*o - 6. Determine j(44).
-6
Let o(r) = r**3 + 7*r**2 + 8*r + 9. What is o(-6)?
-3
Let y(d) = 2*d - 9. What is y(8)?
7
Let c(j) = -j**2 - 4*j + 3. Calculate c(-4).
3
Let s(f) = -f - 4. What is s(7)?
-11
Let b(i) = i**3 + 5*i**2 - i - 9. Give b(-4).
11
Let u(r) = r**2 - 12*r + 38. What is u(4)?
6
Let f(b) = b**2 - 10*b + 1. Give f(8).
-15
Let p(a) = -4*a - 2. Calculate p(-6).
22
Let a(d) = 9*d + 4. What is a(-2)?
-14
Let b(i) = i**3 + 7*i**2 + 11*i + 2. Determine b(-2).
0
Let h(n) = -110*n - 213. Give h(-2).
7
Let j(t) = -t**2 + 20*t - 112. Calculate j(11).
-13
Let q(n) = -4*n**2 - 54*n + 26. What is q(-14)?
-2
Let a(b) = -b**2 + 16*b - 25. What is a(14)?
3
Let h(n) = 27*n - 393. What is h(15)?
12
Let f(i) = 6*i + 3. What is f(6)?
39
Let z(k) = -k**3 - 13*k**2 + 14*k + 3. Give z(-14).
3
Let g(w) = w**3 - 10*w**2 + 14*w - 40. What is g(9)?
5
Let i(h) = h**2 + 2*h. Calculate i(-2).
0
Let l(w) = 2*w + 22. Calculate l(-13).
-4
Let y(a) = -2*a + 17. Determine y(5).
7
Let d(m) = m**3 + 24*m**2 - 28*m - 55. Give d(-25).
20
Let t(f) = 25*f. Determine t(-1).
-25
Let q(v) = 18*v - 23. Calculate q(1).
-5
Let c(k) = -k**2 - 3*k - 7. What is c(-5)?
-17
Let p(b) = -4*b**2 - 13*b - 12. Determine p(-3).
-9
Let k(w) = 3*w - 15. Determine k(1).
-12
Let t(v) = 12*v + 61. Calculate t(-6).
-11
Let f(h) = -h**3 + 8*h**2 + 8*h + 4. Calculate f(9).
-5
Let g(l) = -8*l - 2. Give g(-1).
6
Let j(u) = u + 5. Determine j(6).
11
Let n(f) = 13*f + 30. Calculate n(7).
121
Let g(f) = -4*f + 123. Determine g(38).
-29
Let b(y) = -y**3 - 5*y**2 - 2*y. Give b(-5).
10
Let h(w) = 3*w - 12. Determine h(6).
6
Let b(n) = 3*n**2 + 22*n - 9. What is b(-7)?
-16
Let z(s) = -s**2 - 13*s + 80. Calculate z(-18).
-10
Let z(o) = 2*o - 18. Calculate z(8).
-2
Let n(i) = -11*i - 84. Give n(-4).
-40
Let z(j) = -j**2 + 6*j + 8. What is z(7)?
1
Let i(c) = c**2 + 3*c + 5. Calculate i(-1).
3
Let c(u) = u**3 + 9*u**2 + 6*u - 10. Determine c(-8).
6
Let x(d) = -d**3 + 7*d**2 + 26*d - 66. What is x(9)?
6
Let o(l) = -2*l**2 + l + 5. Determine o(3).
-10
Let y(t) = -4*t + 24. Calculate y(18).
-48
Let i(a) = -a**3 + 7*a**2 - 3. What is i(7)?
-3
Let o(p) = -2*p**3 - 14*p**2 - 2*p + 12. Calculate o(-7).
26
Let c(g) = -g**2 - 2*g + 23. Give c(0).
23
Let y(b) = -3*b + 3. Calculate y(1).
0
Let j(q) = 121*q + 2. What is j(0)?
2
Let r(w) = w**2 - w + 5. What is r(0)?
5
Let p(u) = -u**3 + 10*u**2 - 7*u - 11. Determine p(9).
7
Let t(o) = -18*o + 34. Determine t(3).
-20
Let y(x) = -2*x**2 - 17*x + 10. Calculate y(-9).
1
Let c(n) = 2*n**2 - n - 8. Determine c(-4).
28
Let t(g) = 11*g**2 - 1. Determine t(1).
10
Let v(w) = w**2 - 8*w - 2. Determine v(8).
-2
Let h(c) = 14*c + 59. What is h(-4)?
3
Let a(w) = -17*w - 118. Determine a(-7).
1
Let u(r) = r**3 + 7*r**2 + 9*r + 10. What is u(-6)?
-8
Let q(d) = -d - 5. Give q(12).
-17
Let y(g) = 2*g - 3. Give y(-2).
-7
Let h(v) = -v**3 - 14*v**2 + 2*v + 170. Determine h(-13).
-25
Let k(d) = -d**2 + 21*d - 82. Give k(13).
22
Let y(r) = 4*r**2 + 3*r - 13. What is y(-6)?
113
Let c(s) = s**2 - 55*s - 61. Determine c(56).
-5
Let l(w) = -91*w - 174. What is l(-2)?
8
Let w(u) = -u**3 + 7*u**2 + 17*u + 8. What is w(9)?
-1
Let q(h) = -h**3 + 21*h**2 - 4*h + 83. What is q(21)?
-1
Let m(c) = -c**2 - 25*c - 8. Calculate m(-25).
-8
Let n(o) = -o**3 + 8*o**2 + 2*o - 17. Determine n(8).
-1
Let i(c) = c + 38. Determine i(-27).
11
Let g(y) = y**2 - 13*y - 2. Give g(13).
-2
Let m(l) = l**3 - l**2 - 4*l. What is m(3)?
6
Let u(v) = -4*v - 20. Calculate u(5).
-40
Let s(u) = -7*u + 18. What is s(4)?
-10
Let y(o) = -2*o**2 - 4*o - 3. Determine y(-9).
-129
Let f(k) = -2*k**2 + 19*k - 5. Determine f(9).
4
Let n(s) = 3*s + 22. Give n(-10).
-8
Let b(m) = m**3 + 38*m**2 - 40*m - 38. Calculate b(-39).
1
Let y(v) = -v**3 - 2*v**2 - 15*v - 27. Calculate y(-2).
3
Let b(z) = 3*z**2 + 9*z - 58. Give b(4).
26
Let i(h) = -h**3 - 5*h**2 + 7*h - 1. Determine i(-3).
-40
Let v(q) = -6*q**3 + 2*q + 2. Determine v(-1).
6
Let f(l) = -l**2 - 31*l - 135. Determine f(-26).
-5
Let i(g) = -g**2 - 3. What is i(-6)?
-39
Let q(t) = t**2 + 10*t + 36. Determine q(-5).
11
Let d(z) = -z + 7. Give d(7).
0
Let f(q) = -4*q**2 + 182*q - 86. What is f(45)?
4
Let t(y) = 2*y + 52. What is t(-24)?
4
Let x(y) = y**3 - 4*y**2 - 4*y + 1. What is x(4)?
-15
Let a(f) = -f**2 - 11*f - 20. What is a(0)?
-20
Let s(b) = 2*b**3 - 4*b**2 + b. What is s(3)?
21
Let j(b) = -b**3 - 8*b**2 - 9*b + 18. Determine j(-4).
-10
Let n(i) = 17*i + 90. Calculate n(-6).
-12
Let r(w) = -w**3 + 2*w**2 + 5. What is r(4)?
-27
Let d(m) = -m**3 - 40*m**2 + 44*m + 104. Determine d(-41).
-19
Let d(u) = 2*u**2 - 2*u + 1. Determine d(2).
5
Let x(l) = -2*l**2 - 29*l + 15. Give x(-15).
0
Let r(w) = -w**3 + w**2 - 4*w - 3. Calculate r(-2).
17
Let h(v) = v**2 + 21*v + 19. What is h(-20)?
-1
Let a(m) = -m**2 - 7*m + 8. Determine a(-6).
14
Let i(k) = k + 18. Give i(-15).
3
Let s(y) = 3*y**2 + 2*y + 3. Calculate s(-3).
24
Let t(c) = c**3 - 14*c**2 + 13*c + 4. What is t(13)?
4
Let j(l) = -3*l**2 + 9*l - 3. Give j(3).
-3
Let j(r) = -2*r + 1. Give j(7).
-13
Let d(n) = n**3 + 10*n**2 + 15*n - 12. What is d(-5)?
38
Let h(f) = -f**2 + 9*f - 4. Calculate h(6).
14
Let n(d) = -2*d**2 + 9*d + 9. Calculate n(-1).
-2
Let j(t) = -2*t**2 - 16*t + 4. Give j(-8).
4
Let n(j) = -j**3 + 3*j**2 + 4. What is n(3)?
4
Let v(d) = 2*d + 45. Determine v(-12).
21
Let r(u) = -63*u**3 - 1. What is r(-1)?
62
Let a(s) = s**3 - 17*s**2 + 17*s - 13. What is a(16)?
3
Let r(k) = 2*k**2 + 13*k + 14. Give r(-6).
8
Let y(o) = -38*o + 45. Determine y(1).
7
Let t(k) = 9*k**2 - 7*k + 5. Determine t(4).
121
Let i(w) = 4*w - 4. Calculate i(7).
24
Let u(h) = -7*h**2 + 2*h - 3. Calculate u(2).
-27
Let y(d) = 2*d + 29. Calculate y(-16).
-3
Let s(p) = p**2 + 9*p - 3. Determine s(1).
7
Let g(f) = -f**3 + 7*f**2 - 8*f + 11. What is g(6)?
-1
Let h(q) = -2*q**2 - 21. Give h(4).
-53
Let t(s) = s**3 - 6*s**2 + 6*s + 2. What is t(5)?
7
Let l(u) = 7*u**2 + 25*u - 25. Give l(1).
7
Let c(p) = -3*p - 11. Determine c(-9).
16
Let p(q) = 13*q + 207. Determine p(-16).
-1
Let v(k) = -11*k**3 - 1. Determine v(-1).
10
Let l(a) = 8*a + 155. What is l(-20)?
-5
Let l(r) = 14*r - 95. Determine l(7).
3
Let t(z) = 3*z**2 - 5*z + 9. Determine t(7).
121
Let g(n) = -8*n - 123. What is g(-17)?
13
Let r(z) = z**3 - 10*z**2 + z - 2. Calculate r(10).
8
Let s(f) = f**2 - 5*f - 11. Calculate s(10).
39
Let f